 is b(-4)?
-5
Let u(r) be the third derivative of -r**5/20 - r**4/12 + r**3/3 - r**2 - 2*r. Suppose -5*z = 2*s - 9 - 12, -5*s + 39 = -z. Suppose 5*f = f - s. Determine u(f).
-6
Let u(s) be the third derivative of s**5/60 + 3*s**4/8 - 3*s**3/2 - 44*s**2 + s. Calculate u(-10).
1
Let g = -21 - -30. Suppose -7*q + g*q = -4. Let b(x) = 2*x**2 + 3*x + 3. Let y(r) = r**2 + 3*r + 3. Let k(a) = -3*b(a) + 2*y(a). Calculate k(q).
-13
Let z(h) be the first derivative of -h**2/2 - 14*h + 45. Calculate z(-7).
-7
Let h = 19 - 13. Suppose 0 = -5*i + 1 + 9, -79 = -3*p - 2*i. Let k(q) = 14*q**2 - 6 + 12*q**2 - 5*q - p*q**2. What is k(h)?
0
Let r(n) be the first derivative of -n**4/12 - n**3/2 + 9*n**2/2 + 4. Let q(x) be the second derivative of r(x). What is q(3)?
-9
Let h = -5 - -9. Let d(w) = h - 3*w**2 + 4*w - 3*w**2 + 6*w**2 - w**2. What is d(-3)?
-17
Let a be (-2*(-1)/(-2))/(2/(-20)). Let u(r) be the second derivative of -r**3/6 + 3*r**2 - 53*r. What is u(a)?
-4
Suppose 6 = -l + 2. Let w(y) be the third derivative of 0 - 1/6*y**4 + 4*y**2 - 1/60*y**5 + 1/2*y**3 + 0*y. Determine w(l).
3
Let d(c) be the third derivative of 0*c + 1/30*c**5 + 0 + 5*c**2 - 1/24*c**4 - 5/6*c**3. Let s(t) be the first derivative of d(t). Determine s(2).
7
Let g be (-7)/(-14)*2*28. Suppose 0 = g*m - 29*m - 3. Let j(f) = -f + 1. Calculate j(m).
4
Suppose 0 = 19*n - 14*n - 25. Suppose 3 = -n*f + 8*f. Let c(p) = 5*p**3 + p**2 - p + 1. Give c(f).
6
Let i(v) = -4*v - 9. Suppose 0 = 6*q - 29 + 77. What is i(q)?
23
Let j(c) = 3 - 5*c + 1 + 2. Let v(r) = -r + 18. Let l(x) = x**3 - 12*x**2 - 12*x + 1. Let d be l(13). Let i be v(d). Calculate j(i).
-14
Let r(g) = 2*g + 1. Let z(d) be the first derivative of -d**4/4 + d**2 - 5. Let f be z(0). Let k be (-10)/(2 - f/1). Give r(k).
-9
Let s(w) = -5*w**3 + 2*w**2 - w. Let m(x) = -x**3 + 7*x**2 - x + 8. Let r be m(7). Determine s(r).
-4
Let w(b) = 2*b + 15. Let k(x) = -25*x - 195. Let g(m) = -3*k(m) - 40*w(m). What is g(-4)?
5
Let w(h) be the first derivative of -1/4*h**4 - 34 - 3/2*h**2 + 4*h + 2*h**3. Give w(5).
14
Let d(t) be the first derivative of t**4/6 + t**3/6 - 2*t**2 - 2*t + 6. Let u(x) be the first derivative of d(x). Let a be 3 + (24/(-3) - -2). Calculate u(a).
11
Let z(h) = 6*h - 8. Let p(x) = -2*x + 3. Let y(m) = -5*p(m) - z(m). Give y(-9).
-43
Let i(o) = -o**2 - 5*o + 3. Let v = -51 - -46. Determine i(v).
3
Let n(f) = -f**2 + f. Let u(x) = -x**3 + 2*x**2 - 2*x - 4. Let l(c) = -5*n(c) + u(c). Calculate l(6).
-10
Let l(k) = 4*k**3 + 5*k**2 - 6*k - 10. Let b(g) = -9*g**3 - 9*g**2 + 13*g + 21. Let m(q) = -3*b(q) - 7*l(q). Determine m(-8).
-17
Suppose -3*k + 22 = 16. Let h(f) = 6 + f**2 - f**k - 5*f - 4*f**2 + f**3. Calculate h(5).
6
Let x = -219 + 218. Let z(o) = 4*o**2 + 1. What is z(x)?
5
Let j = 31 - 29. Let t(i) = i**j - 2*i + 6*i - i - 2*i. Give t(1).
2
Let t be (8/(-14))/((-18)/252). Let h(c) = -11 + 4*c**3 - 2*c - 3*c**3 - 5*c - 7*c**2. Determine h(t).
-3
Let s(h) = -h + 0*h - 248*h**2 + 3 + 247*h**2 + 2. Determine s(-4).
-7
Let j = 659 - 661. Let h(y) = -5*y**3 + 2*y**2 + 3*y - 11. Let l(t) = -3*t**3 + t**2 + 2*t - 6. Let s(q) = -4*h(q) + 7*l(q). Calculate s(j).
2
Let l = 59 - 59. Suppose l = -7*g - 7. Let q(o) = -18*o**3 + o**2 + 2*o + 1. Calculate q(g).
18
Let p(d) = -d**2 - 12*d + 14. Let j(v) = -2*v**3 - 26*v**2 + 4*v + 39. Let k be j(-13). What is p(k)?
1
Let a(c) = -c**3 + 7*c**2 + 12*c - 12. Let y be a(8). Suppose -5*h = y + 5. Let x(p) = p**2 + 5*p - 3. Give x(h).
-3
Let h be 0 + (-186)/(-42) - (-6)/(-14). Let p(y) be the first derivative of y**2 + 4*y + 1. What is p(h)?
12
Let z(j) = j + 1. Let s be -1*((-9)/(-9))/((-2)/(-18)). Determine z(s).
-8
Let h(s) = -18 - 6*s - 12 + 45 - s**2 - 21. What is h(-7)?
-13
Let p(h) be the third derivative of -h**6/120 - h**5/60 + 7*h**4/24 + 3*h**3/2 + 400*h**2. What is p(-4)?
29
Let d(m) = -m**2 + 2*m + 6. Suppose -3*z - 3*i = -3, -3*z - 4*i = -z. Suppose -z*k - h = -24, -h - 16 = -3*k + 15. Suppose -4*w = -k - 9. Give d(w).
-9
Let c(a) = 26 + a + 28 + 20 + 31 - 119. Give c(12).
-2
Let j(r) = -2*r**2 - 8*r + 2. Suppose -8*k = 5 + 51. Determine j(k).
-40
Let i(z) = z + z**2 + 18 - 10 - 3*z - 4*z - 3*z**2. Determine i(-4).
0
Let i(o) = 14*o - 25. Let y be i(2). Let w(x) = -4*x + 2. Give w(y).
-10
Let x(a) = 3*a**3 + a**2. Let t(g) = g**2 - 41*g - 337. Let u be t(48). Give x(u).
-2
Let q = 556 + -553. Let n(h) = h**3 + h + 4. Determine n(q).
34
Suppose 4*b + 0 - 24 = -2*s, -5*s - 5*b = -40. Let q(d) = -s + 3 - 5 - d. Calculate q(-6).
0
Let v be 2/4*(-7 - -5). Let x(l) = 1 + 79*l + 8*l**3 - 38*l - 41*l. Calculate x(v).
-7
Let h(f) = -1295*f**3 - f + 2*f**2 - 7 + 10 - f + 1296*f**3. Let t be (-6)/(-3) - (2 - -4). Determine h(t).
-21
Let f(i) = -14*i**2 - i - 1. Let c = 2095 - 2093. Give f(c).
-59
Let a(s) = 2*s**2 + 5 - 2*s + 7*s + s + 1. Calculate a(-4).
14
Let w be -54 + 6 + -7 + 3. Let k = w + 56. Let b(v) = 6*v + 2. Let o(m) = 7*m + 2. Let l(g) = -6*b(g) + 5*o(g). Calculate l(k).
-6
Let f(g) be the third derivative of -g**5/60 - 3*g**4/8 + 8*g**3/3 - 438*g**2. Calculate f(2).
-6
Let v(d) = d**2 + 1. Let c be v(1). Let y(p) = -2*p - 3*p - 3*p**2 + c*p. Calculate y(-3).
-18
Let s = -22 + 22. Let k(a) = s*a + 3*a - 1 - 6*a. Give k(-2).
5
Let i(t) = 2*t - 7. Let v be -3 + 10*(-1 - -2). Let p(y) = y - 1. Let g be p(v). Let q be i(g). Let x(w) = -w. Give x(q).
-5
Let s(x) = -x**2 + 31*x - 128. Let k be s(26). Let w(u) = 4*u - 6. Give w(k).
2
Let s(w) be the first derivative of w**3/3 + 5*w**2 + 8*w - 1. Let o(q) = -q**2 - 24*q - 136. Let g be o(-8). What is s(g)?
-8
Suppose -4*i = -4*c - 28, -6*i = -2*i + 5*c + 17. Let l(z) = -4*z + z**3 + 4*z**i - 2*z + z + 6. Calculate l(-5).
6
Let x(h) = -5*h**3 - 2*h**2 + 3. Let w(a) = -12*a**3 - 5*a**2 - a + 7. Let q(c) = 2*w(c) - 5*x(c). Calculate q(0).
-1
Let u(d) = 2*d + 4*d**3 + 3*d**2 + 3*d + d**3 - 6 - 6*d**3. Let o be u(4). Let y(w) = 2*w + 1. Determine y(o).
-3
Let b(g) = 6*g**3 - g. Let q be ((9/(-2))/1)/((-4)/24). Let s be ((-3)/(q/(-6)))/(6/(-9)). Calculate b(s).
-5
Suppose 5*t + 1 + 5 = -2*n, 2*t = -n - 2. Let h(p) = 3 - 4 + 2 - p**3 - 3*p + 3*p**2. Determine h(n).
-1
Suppose 9*q + 38 = -10*q. Let m(u) = -3*u**2 - 1. Calculate m(q).
-13
Let q(c) = c**2 + 17*c - 10*c + 0*c**2 + 6. Let y(z) = -z**2 + 2*z + 10. Let g be y(5). Calculate q(g).
-4
Let g(p) be the third derivative of p**5/60 - p**4/8 - 35*p**3/6 - 2*p**2 + 23*p. What is g(0)?
-35
Let x(o) = -o + 5. Let i be x(6). Let u be (0 + 0 - i)/1. Let m(v) = -4 - 3*v - 24 + 32 - 5. What is m(u)?
-4
Let f(w) be the first derivative of 2*w - 5 + w**2 + 2 + 5. Let r(y) = y**2 + 7*y - 6. Let i be r(-8). Give f(i).
6
Suppose 11*q - 28 - 5 = 0. Let o(a) = -25 + 23 - 4*a + q*a. Calculate o(-8).
6
Let k(t) = 5*t**2 + 5*t + 10. Let w(b) = -b**2 - 3. Let i(a) = k(a) + 3*w(a). Give i(-4).
13
Suppose 3*c - x - 13 = 0, 3*c - 20 = -5*x + 23. Let k(g) = -2*g**2 + 9*g - 10. Determine k(c).
-28
Suppose -4*x + 0*k - k + 5 = 0, 25 = 5*k. Suppose x*b = -10*b - 50. Let u(j) = j**2 + 5*j + 5. What is u(b)?
5
Let g = -4 - -58. Suppose -56*h - 8 = -g*h. Let o(z) = -3*z - 5. Determine o(h).
7
Let r(a) = -2*a - 508*a**2 + 239*a**2 + 61 + 268*a**2. Determine r(7).
-2
Let b(l) = -57 + 116 - 31 - 5*l - 31. Let r = 6 + -10. Determine b(r).
17
Let u(d) be the second derivative of -d**5/20 - d**4/2 + d**3/3 + d**2 + 251*d. Suppose 4 = x - 3*x, -2*a - 8 = -2*x. Determine u(a).
-10
Let a(n) = -4*n + 5 + 0*n + n**2 - 2*n**2. Suppose -3*o = -2*x + 12, 0*o - o - 11 = -3*x. Suppose -6 + x = -3*c, 0 = -2*f - 3*c - 7. Give a(f).
0
Let n(m) = 7*m + 1 + 8*m + 8*m - 20*m. Give n(-3).
-8
Let x(p) = 6. Let z(w) = -2*w - 58. Let l(v) = 8*x(v) + z(v). What is l(8)?
-26
Suppose 24 = -3*q - q. Let n(z) = 3*z + 7. Let o(j) = -j - 1. Let r(g) = -n(g) - 4*o(g). What is r(q)?
-9
Let r(p) = -5*p**2 - 2*p + 3. Suppose 0 = 3*t - 15, 30*t + 12 = n + 32*t. Give r(n).
-21
Let a(s) = -s**2 - 7*s - 4. Let z(l) = 1. Let n(y) = -2*y**2 - 14*y - 5. Let r be n(-7). Let h(m) = r*z(m) + a(m). Determine h(-6).
-3
Let k(j) = 2*j - 22. Suppose -3*o - 5*c + 5 + 38 = 0, -4*c = 3*o - 41. Determine k(o).
0
Let v(p) be the second derivative of -p**3/6 - 3*p**2/2 + 16*p - 5. Determine v(11).
-14
Let j(u) = u**3 + 3*u**2 - 7*u + 4. Let m(f) = 2*f**3 + 8*f**2 - 